{"id":2643,"date":"2019-12-28T15:28:56","date_gmt":"2019-12-28T14:28:56","guid":{"rendered":"https:\/\/www.frottbf-liege.be\/?page_id=2643"},"modified":"2025-07-08T19:09:30","modified_gmt":"2025-07-08T17:09:30","slug":"nonceveux","status":"publish","type":"page","link":"https:\/\/www.frottbf-liege.be\/?page_id=2643","title":{"rendered":"NONCEVEUX"},"content":{"rendered":"<p><strong>Club :<\/strong><\/p>\n<table width=\"50%\">\n<tbody>\n<tr>\n<td><span style=\"color: #ff0000;\">Matricule<\/span><\/td>\n<td>\u00a0149<\/td>\n<\/tr>\n<tr>\n<td width=\"25%&quot;\"><span style=\"color: #ff0000;\">Adresse local<\/span><\/td>\n<td>Salle \u00ab\u00a0La Renaissance 2.0\u00a0\u00bb<br \/>\nRue de l&rsquo;Ecole, 9<br \/>\n4920 NONCEVEUX<\/td>\n<\/tr>\n<tr>\n<td><\/td>\n<td>\u00a0&#8211;<\/td>\n<\/tr>\n<tr>\n<td><span style=\"color: #ff0000;\">Site web<br \/>\n<\/span><\/td>\n<td><a href=\"https:\/\/www.facebook.com\/groups\/711802210223197\">https:\/\/www.facebook.com\/groups\/711802210223197<\/a><\/td>\n<\/tr>\n<tr>\n<td><span style=\"color: #ff0000;\">Social<br \/>\n<\/span><\/td>\n<td>\u00a0&#8211;<\/td>\n<\/tr>\n<tr>\n<td><span style=\"color: #ff0000;\">Localisation<\/span><\/td>\n<td><iframe loading=\"lazy\" style=\"border: 0;\" src=\"https:\/\/www.google.com\/maps\/embed?pb=!1m18!1m12!1m3!1d2539.5149326629544!2d5.732031015896562!3d50.46875679392655!2m3!1f0!2f0!3f0!3m2!1i1024!2i768!4f13.1!3m3!1m2!1s0x47c05e110b47e587%3A0xd5ff3cfb90cf9d96!2sRue%20de%20L'ecole%2C%204920%20Aywaille!5e0!3m2!1sfr!2sbe!4v1660741219991!5m2!1sfr!2sbe\" width=\"400\" height=\"300\" allowfullscreen=\"allowfullscreen\"><\/iframe><\/td>\n<\/tr>\n<tr>\n<td><span style=\"color: #ff0000;\">Entrainements<\/span><\/td>\n<td>\n<div><\/div>\n<div>\u00a0Mercredi\u00a0\u00a0 de 18h30 \u00e0 20h30 (Dirig\u00e9)<\/div>\n<\/td>\n<\/tr>\n<tr>\n<td><span style=\"color: #ff0000;\">Infos Divers<\/span><\/td>\n<td><\/td>\n<\/tr>\n<\/tbody>\n<\/table>\n<p><strong>Secr\u00e9taire :<\/strong><\/p>\n<table width=\"50%\">\n<tbody>\n<tr>\n<td width=\"25%\">Nom<\/td>\n<td>ADAM Andr\u00e9<\/td>\n<\/tr>\n<tr>\n<td>Adresse<\/td>\n<td>Rue Lombry, n\u00b0 17B<br \/>\n4920\u00a0 \u00a0 AYWAILLE<\/td>\n<\/tr>\n<tr>\n<td>Tf<\/td>\n<td>\u00a0&#8211;<\/td>\n<\/tr>\n<tr>\n<td>GSM<\/td>\n<td>0475\/43.27.57<\/td>\n<\/tr>\n<tr>\n<td>Email<\/td>\n<td><a href=\"mailto:dobedemon149@gmail.com\" target=\"_blank\" rel=\"noopener\">dobedemon149@gmail.com<\/a><\/td>\n<\/tr>\n<\/tbody>\n<\/table>\n<div id=\"ConnectiveDocSignExtentionInstalled\" data-extension-version=\"1.0.4\"><\/div>\n","protected":false},"excerpt":{"rendered":"<p>Club : Matricule \u00a0149 Adresse local Salle \u00ab\u00a0La Renaissance 2.0\u00a0\u00bb Rue de l&rsquo;Ecole, 9 4920 NONCEVEUX \u00a0&#8211; Site web https:\/\/www.facebook.com\/groups\/711802210223197 Social \u00a0&#8211; Localisation Entrainements \u00a0Mercredi\u00a0\u00a0 de 18h30 \u00e0 20h30 (Dirig\u00e9) Infos Divers Secr\u00e9taire : Nom ADAM Andr\u00e9 Adresse Rue Lombry, n\u00b0 17B 4920\u00a0 \u00a0 AYWAILLE Tf \u00a0&#8211; GSM 0475\/43.27.57 Email dobedemon149@gmail.com<\/p>\n","protected":false},"author":3,"featured_media":0,"parent":21,"menu_order":0,"comment_status":"closed","ping_status":"closed","template":"","meta":{"footnotes":""},"publishpress_future_action":{"enabled":false,"date":"2026-05-22 00:32:33","action":"change-status","newStatus":"draft","terms":[],"taxonomy":""},"publishpress_future_workflow_manual_trigger":{"enabledWorkflows":[]},"_links":{"self":[{"href":"https:\/\/www.frottbf-liege.be\/index.php?rest_route=\/wp\/v2\/pages\/2643"}],"collection":[{"href":"https:\/\/www.frottbf-liege.be\/index.php?rest_route=\/wp\/v2\/pages"}],"about":[{"href":"https:\/\/www.frottbf-liege.be\/index.php?rest_route=\/wp\/v2\/types\/page"}],"author":[{"embeddable":true,"href":"https:\/\/www.frottbf-liege.be\/index.php?rest_route=\/wp\/v2\/users\/3"}],"replies":[{"embeddable":true,"href":"https:\/\/www.frottbf-liege.be\/index.php?rest_route=%2Fwp%2Fv2%2Fcomments&post=2643"}],"version-history":[{"count":8,"href":"https:\/\/www.frottbf-liege.be\/index.php?rest_route=\/wp\/v2\/pages\/2643\/revisions"}],"predecessor-version":[{"id":5607,"href":"https:\/\/www.frottbf-liege.be\/index.php?rest_route=\/wp\/v2\/pages\/2643\/revisions\/5607"}],"up":[{"embeddable":true,"href":"https:\/\/www.frottbf-liege.be\/index.php?rest_route=\/wp\/v2\/pages\/21"}],"wp:attachment":[{"href":"https:\/\/www.frottbf-liege.be\/index.php?rest_route=%2Fwp%2Fv2%2Fmedia&parent=2643"}],"curies":[{"name":"wp","href":"https:\/\/api.w.org\/{rel}","templated":true}]}}