{"id":259,"date":"2018-02-10T16:17:48","date_gmt":"2018-02-10T15:17:48","guid":{"rendered":"http:\/\/www.frottbf-liege.be\/?page_id=259"},"modified":"2025-07-23T16:47:27","modified_gmt":"2025-07-23T14:47:27","slug":"alliance","status":"publish","type":"page","link":"https:\/\/www.frottbf-liege.be\/?page_id=259","title":{"rendered":"ALLIANCE"},"content":{"rendered":"<p><strong>Club :<\/strong><\/p>\n<table width=\"50%\">\n<tbody>\n<tr>\n<td><span style=\"color: #ff0000;\">Matricule<\/span><\/td>\n<td>\u00a0143<\/td>\n<\/tr>\n<tr>\n<td width=\"25%&quot;\"><span style=\"color: #ff0000;\">Adresse local<\/span><\/td>\n<td>Ecole Communale J.M. L\u00e9onard<br \/>\nRue des \u00e9coles<br \/>\n4400 FLEMALLE<br \/>\nEntr\u00e9e par la rue de Fl\u00e9malle-Grande (All\u00e9e \u00e0 c\u00f4t\u00e9 du N\u00b0 445)<\/td>\n<\/tr>\n<tr>\n<td><span style=\"color: #ff0000;\">Tf local<\/span><\/td>\n<td>0489\/29.28.55<\/td>\n<\/tr>\n<tr>\n<td><span style=\"color: #ff0000;\">Site web<br \/>\n<\/span><\/td>\n<td>\u00a0&#8211;<\/td>\n<\/tr>\n<tr>\n<td><span style=\"color: #ff0000;\">Social<br \/>\n<\/span><\/td>\n<td>\u00a0&#8211;<\/td>\n<\/tr>\n<tr>\n<td><span style=\"color: #ff0000;\">Localisation<\/span><\/td>\n<td><iframe loading=\"lazy\" style=\"border: 0;\" src=\"https:\/\/www.google.com\/maps\/embed?pb=!1m18!1m12!1m3!1d2531.6226514689733!2d5.4710009157373864!3d50.61554897949851!2m3!1f0!2f0!3f0!3m2!1i1024!2i768!4f13.1!3m3!1m2!1s0x0%3A0x91442f6db35f8c83!2sAlliance+Fl%C3%A9malle+Tennis+de+Table!5e0!3m2!1sfr!2sbe!4v1534272412155\" width=\"400\" height=\"300\" frameborder=\"0\" allowfullscreen=\"allowfullscreen\"><\/iframe><\/td>\n<\/tr>\n<tr>\n<td><span style=\"color: #ff0000;\">Entrainements<\/span><\/td>\n<td>Mardi\u00a0 19h (Dirig\u00e9)<br \/>\nMercredi 18h00 ( Dirig\u00e9) et \u00e0 19h30 (Libre)<\/td>\n<\/tr>\n<tr>\n<td><span style=\"color: #ff0000;\">Infos Divers<\/span><\/td>\n<td><\/td>\n<\/tr>\n<\/tbody>\n<\/table>\n<p><strong>Secr\u00e9taire :<\/strong><\/p>\n<table width=\"50%\">\n<tbody>\n<tr>\n<td width=\"25%\">Nom<\/td>\n<td>VIERSET St\u00e9phanie<\/td>\n<\/tr>\n<tr>\n<td>Adresse<\/td>\n<td>Thier Phillipart 25\u00a0 4540 Amay<\/td>\n<\/tr>\n<tr>\n<td>Tf<\/td>\n<td>\u00a0&#8211;<\/td>\n<\/tr>\n<tr>\n<td>GSM<\/td>\n<td>0495\/49.62.49<\/td>\n<\/tr>\n<tr>\n<td>Email<\/td>\n<td><a href=\"mailto:aftt.secretariat@gmail.com\">aftt.secretariat@gmail.com<\/a><\/td>\n<\/tr>\n<\/tbody>\n<\/table>\n<div id=\"ConnectiveDocSignExtentionInstalled\" data-extension-version=\"1.0.4\"><\/div>\n","protected":false},"excerpt":{"rendered":"<p>Club : Matricule \u00a0143 Adresse local Ecole Communale J.M. L\u00e9onard Rue des \u00e9coles 4400 FLEMALLE Entr\u00e9e par la rue de Fl\u00e9malle-Grande (All\u00e9e \u00e0 c\u00f4t\u00e9 du N\u00b0 445) Tf local 0489\/29.28.55 Site web \u00a0&#8211; Social \u00a0&#8211; Localisation Entrainements Mardi\u00a0 19h (Dirig\u00e9) Mercredi 18h00 ( Dirig\u00e9) et \u00e0 19h30 (Libre) Infos Divers Secr\u00e9taire : Nom VIERSET St\u00e9phanie &hellip; <a href=\"https:\/\/www.frottbf-liege.be\/?page_id=259\" class=\"more-link\">Continuer la lecture<span class=\"screen-reader-text\"> de &laquo;&nbsp;ALLIANCE&nbsp;&raquo;<\/span><\/a><\/p>\n","protected":false},"author":1,"featured_media":0,"parent":21,"menu_order":0,"comment_status":"closed","ping_status":"closed","template":"","meta":{"footnotes":""},"publishpress_future_action":{"enabled":false,"date":"2026-05-22 00:25:34","action":"change-status","newStatus":"draft","terms":[],"taxonomy":""},"publishpress_future_workflow_manual_trigger":{"enabledWorkflows":[]},"_links":{"self":[{"href":"https:\/\/www.frottbf-liege.be\/index.php?rest_route=\/wp\/v2\/pages\/259"}],"collection":[{"href":"https:\/\/www.frottbf-liege.be\/index.php?rest_route=\/wp\/v2\/pages"}],"about":[{"href":"https:\/\/www.frottbf-liege.be\/index.php?rest_route=\/wp\/v2\/types\/page"}],"author":[{"embeddable":true,"href":"https:\/\/www.frottbf-liege.be\/index.php?rest_route=\/wp\/v2\/users\/1"}],"replies":[{"embeddable":true,"href":"https:\/\/www.frottbf-liege.be\/index.php?rest_route=%2Fwp%2Fv2%2Fcomments&post=259"}],"version-history":[{"count":13,"href":"https:\/\/www.frottbf-liege.be\/index.php?rest_route=\/wp\/v2\/pages\/259\/revisions"}],"predecessor-version":[{"id":5629,"href":"https:\/\/www.frottbf-liege.be\/index.php?rest_route=\/wp\/v2\/pages\/259\/revisions\/5629"}],"up":[{"embeddable":true,"href":"https:\/\/www.frottbf-liege.be\/index.php?rest_route=\/wp\/v2\/pages\/21"}],"wp:attachment":[{"href":"https:\/\/www.frottbf-liege.be\/index.php?rest_route=%2Fwp%2Fv2%2Fmedia&parent=259"}],"curies":[{"name":"wp","href":"https:\/\/api.w.org\/{rel}","templated":true}]}}